{"id":561,"date":"2017-08-07T11:12:02","date_gmt":"2017-08-07T11:12:02","guid":{"rendered":"http:\/\/fermekon.ee\/?page_id=561"},"modified":"2017-09-05T23:56:18","modified_gmt":"2017-09-05T20:56:18","slug":"kasulikku-2","status":"publish","type":"page","link":"https:\/\/fermekon.ee\/?page_id=561","title":{"rendered":"KASULIKKU"},"content":{"rendered":"<p style=\"text-align: justify;\"><span style=\"font-size: 14pt;\">Siit lehelt on v\u00f5imalik leida huvitavat ja kasulikku infot, mis on abiks pruulimisseadmete valikul, pruulimisel, h\u00fcgieeniprotsesside l\u00e4biviimisel ja ka muud \u00f5lle ning teiste k\u00e4\u00e4ritatud jookidega seonduvat.<\/span><\/p>\n<p>&nbsp;<\/p>\n<p><span style=\"font-size: 14pt;\"><a href=\"http:\/\/fermekon.ee\/?page_id=571\"><strong>Seadmete tarnijad kodupruulidele<\/strong><\/a><\/span><\/p>\n<p><span style=\"font-size: 14pt;\"><a href=\"http:\/\/fermekon.ee\/?page_id=572\"><strong>\u00dchikute konverteerimine ja parameetrite omavaheline s\u00f5ltuvus<\/strong><\/a><\/span><\/p>\n","protected":false},"excerpt":{"rendered":"<p>Siit lehelt on v\u00f5imalik leida huvitavat ja kasulikku infot, mis on abiks pruulimisseadmete valikul, pruulimisel, h\u00fcgieeniprotsesside l\u00e4biviimisel ja ka muud \u00f5lle ning teiste k\u00e4\u00e4ritatud jookidega seonduvat. &nbsp; Seadmete tarnijad kodupruulidele \u00dchikute konverteerimine ja parameetrite omavaheline s\u00f5ltuvus<\/p>\n","protected":false},"author":1,"featured_media":0,"parent":0,"menu_order":0,"comment_status":"closed","ping_status":"closed","template":"","meta":{"footnotes":""},"class_list":["post-561","page","type-page","status-publish","hentry"],"_links":{"self":[{"href":"https:\/\/fermekon.ee\/index.php?rest_route=\/wp\/v2\/pages\/561","targetHints":{"allow":["GET"]}}],"collection":[{"href":"https:\/\/fermekon.ee\/index.php?rest_route=\/wp\/v2\/pages"}],"about":[{"href":"https:\/\/fermekon.ee\/index.php?rest_route=\/wp\/v2\/types\/page"}],"author":[{"embeddable":true,"href":"https:\/\/fermekon.ee\/index.php?rest_route=\/wp\/v2\/users\/1"}],"replies":[{"embeddable":true,"href":"https:\/\/fermekon.ee\/index.php?rest_route=%2Fwp%2Fv2%2Fcomments&post=561"}],"version-history":[{"count":5,"href":"https:\/\/fermekon.ee\/index.php?rest_route=\/wp\/v2\/pages\/561\/revisions"}],"predecessor-version":[{"id":1890,"href":"https:\/\/fermekon.ee\/index.php?rest_route=\/wp\/v2\/pages\/561\/revisions\/1890"}],"wp:attachment":[{"href":"https:\/\/fermekon.ee\/index.php?rest_route=%2Fwp%2Fv2%2Fmedia&parent=561"}],"curies":[{"name":"wp","href":"https:\/\/api.w.org\/{rel}","templated":true}]}}