{"id":563,"date":"2017-08-07T11:12:02","date_gmt":"2017-08-07T11:12:02","guid":{"rendered":"http:\/\/fermekon.ee\/?page_id=563"},"modified":"2017-09-09T23:52:11","modified_gmt":"2017-09-09T20:52:11","slug":"meie-oskused-ja-kogemused-3-2","status":"publish","type":"page","link":"https:\/\/fermekon.ee\/?page_id=563","title":{"rendered":"MEIE OSKUSED JA KOGEMUSED"},"content":{"rendered":"<h1 style=\"text-align: justify;\"><span style=\"font-size: 18pt;\"><strong>MEIE TEADMISTE JA OSKUSTE ALUSEKS ON:<\/strong><\/span><\/h1>\n<p style=\"text-align: justify;\"><span style=\"font-size: 14pt;\">&#8211; Tehnoloogiainseneri koolitus ja diplom <a href=\"https:\/\/www.ttu.ee\/et\/\">Tallinna Tehnika\u00fclikoolist<\/a>.<\/span><\/p>\n<h1 style=\"text-align: justify;\"><img fetchpriority=\"high\" decoding=\"async\" class=\"alignright wp-image-632\" src=\"http:\/\/fermekon.ee\/wp-content\/uploads\/2017\/08\/kochiait_RS-47small-1-683x1024.jpg\" alt=\"\" width=\"350\" height=\"525\" srcset=\"https:\/\/fermekon.ee\/wp-content\/uploads\/2017\/08\/kochiait_RS-47small-1-683x1024.jpg 683w, https:\/\/fermekon.ee\/wp-content\/uploads\/2017\/08\/kochiait_RS-47small-1-200x300.jpg 200w, https:\/\/fermekon.ee\/wp-content\/uploads\/2017\/08\/kochiait_RS-47small-1-768x1152.jpg 768w, https:\/\/fermekon.ee\/wp-content\/uploads\/2017\/08\/kochiait_RS-47small-1-830x1245.jpg 830w, https:\/\/fermekon.ee\/wp-content\/uploads\/2017\/08\/kochiait_RS-47small-1-230x345.jpg 230w, https:\/\/fermekon.ee\/wp-content\/uploads\/2017\/08\/kochiait_RS-47small-1-350x525.jpg 350w, https:\/\/fermekon.ee\/wp-content\/uploads\/2017\/08\/kochiait_RS-47small-1-480x720.jpg 480w, https:\/\/fermekon.ee\/wp-content\/uploads\/2017\/08\/kochiait_RS-47small-1.jpg 2000w\" sizes=\"(max-width: 350px) 100vw, 350px\" \/><\/h1>\n<p style=\"text-align: justify;\"><span style=\"font-size: 14pt;\">&#8211; \u00d5llemeistri koolitus ja <\/span><span style=\"font-size: 14pt;\">diplom <a href=\"http:\/\/brewingschool.org\/\">Skandinaavia \u00d5llekoolist<\/a><\/span> <span style=\"font-size: 14pt;\">(Scandinavian <\/span><span style=\"font-size: 14pt;\">School of brewing) <\/span><span style=\"font-size: 14pt;\">Kopenhaagenis. <\/span><\/p>\n<p style=\"text-align: justify;\"><span style=\"font-size: 14pt;\">&#8211; Enam kui 20 aastane <\/span><span style=\"font-size: 14pt;\">t\u00f6\u00f6kogemus \u00f5lle suurtootmisel <a href=\"https:\/\/www.saku.ee\/\">Saku \u00d5lletehases<\/a>\/<a href=\"https:\/\/carlsberggroup.com\/\">Carlsbergis<\/a> (tootmise uuendamine, efektiivsuse parandamine, tootearendus jne.).<\/span><\/p>\n<p style=\"text-align: justify;\"><span style=\"font-size: 14pt;\">&#8211; <a href=\"http:\/\/kochbrewery.ee\">Kochi v\u00e4ikepruulikoja<\/a> planeerimine, sisustamine, <\/span><span style=\"font-size: 14pt;\">k\u00e4ikulaskmine ja 6 aastat <\/span><span style=\"font-size: 14pt;\">v\u00e4ikepruulimist.<\/span><\/p>\n<p style=\"text-align: justify;\"><span style=\"font-size: 14pt;\">&#8211; Alkoholivabade ja alkohoolsete jookide ning viina tootmise k\u00e4ivitamine <a href=\"http:\/\/koch1872.com\/\">Koch O\u00dc<\/a>-s.<\/span><\/p>\n<p style=\"text-align: justify;\"><span style=\"font-size: 14pt;\">&#8211; Erinevad kursused mikrobioloogia, h\u00fcgieeni ja juhtimise vallas.<\/span><\/p>\n<p style=\"text-align: justify;\"><span style=\"font-size: 14pt;\">&#8211; Pikaajalised sidemed erinevate seadmeid ja tooraineid tarnivate firmadega.<\/span><\/p>\n<p>&nbsp;<\/p>\n<p style=\"text-align: justify;\"><span style=\"font-size: 14pt;\">Vajadusel kaasame kompetentsi ka v\u00e4ljastpoolt.<\/span><\/p>\n","protected":false},"excerpt":{"rendered":"<p>MEIE TEADMISTE JA OSKUSTE ALUSEKS ON: &#8211; Tehnoloogiainseneri koolitus ja diplom Tallinna Tehnika\u00fclikoolist. &#8211; \u00d5llemeistri koolitus ja diplom Skandinaavia \u00d5llekoolist (Scandinavian School of brewing) Kopenhaagenis. &#8211; Enam kui 20 aastane t\u00f6\u00f6kogemus \u00f5lle suurtootmisel Saku \u00d5lletehases\/Carlsbergis (tootmise uuendamine, efektiivsuse parandamine, tootearendus&hellip; <\/p>\n","protected":false},"author":1,"featured_media":0,"parent":0,"menu_order":0,"comment_status":"closed","ping_status":"closed","template":"","meta":{"footnotes":""},"class_list":["post-563","page","type-page","status-publish","hentry"],"_links":{"self":[{"href":"https:\/\/fermekon.ee\/index.php?rest_route=\/wp\/v2\/pages\/563","targetHints":{"allow":["GET"]}}],"collection":[{"href":"https:\/\/fermekon.ee\/index.php?rest_route=\/wp\/v2\/pages"}],"about":[{"href":"https:\/\/fermekon.ee\/index.php?rest_route=\/wp\/v2\/types\/page"}],"author":[{"embeddable":true,"href":"https:\/\/fermekon.ee\/index.php?rest_route=\/wp\/v2\/users\/1"}],"replies":[{"embeddable":true,"href":"https:\/\/fermekon.ee\/index.php?rest_route=%2Fwp%2Fv2%2Fcomments&post=563"}],"version-history":[{"count":5,"href":"https:\/\/fermekon.ee\/index.php?rest_route=\/wp\/v2\/pages\/563\/revisions"}],"predecessor-version":[{"id":1595,"href":"https:\/\/fermekon.ee\/index.php?rest_route=\/wp\/v2\/pages\/563\/revisions\/1595"}],"wp:attachment":[{"href":"https:\/\/fermekon.ee\/index.php?rest_route=%2Fwp%2Fv2%2Fmedia&parent=563"}],"curies":[{"name":"wp","href":"https:\/\/api.w.org\/{rel}","templated":true}]}}