{"id":572,"date":"2017-08-07T11:12:03","date_gmt":"2017-08-07T11:12:03","guid":{"rendered":"http:\/\/fermekon.ee\/?page_id=572"},"modified":"2017-09-03T11:35:17","modified_gmt":"2017-09-03T08:35:17","slug":"uhikute-konverteerimine-ja-parameetrite-omavaheline-soltuvus","status":"publish","type":"page","link":"https:\/\/fermekon.ee\/?page_id=572","title":{"rendered":"\u00dcHIKUTE KONVERTEERIMINE JA PARAMEETRITE OMAVAHELINE S\u00d5LTUVUS"},"content":{"rendered":"<h1 style=\"text-align: justify;\"><span style=\"font-size: 18pt;\"><strong>\u00dcHIKUTE KONVERTEERIMINE JA PARAMEETRITE OMAVAHELINE S\u00d5LTUVUS<\/strong><\/span><\/h1>\n<p>&nbsp;<\/p>\n<p style=\"text-align: justify;\"><span style=\"font-size: 14pt;\">Internetist erinevaid materjale lugedes ja ka seadmetega kaasas oleva dokumentatsiooniga tutvumisel v\u00f5ime p\u00f5rkuda probleemiga, et seal kasutatavad m\u00f5\u00f5t\u00fchikud on meile harjumatud ehk ei ole SI s\u00fcsteemis.<\/span><\/p>\n<p style=\"text-align: justify;\"><span style=\"font-size: 14pt;\">Selle probleemi leevendamiseks toomegi allpool linke, mis on abiks erinevate m\u00f5\u00f5t\u00fchikute ja v\u00e4\u00e4rtuste meile harjumusp\u00e4rasteks suurusteks konverteerimisel.<\/span><\/p>\n<p style=\"text-align: justify;\"><span style=\"font-size: 14pt;\">Lisaks leiate tabeleid\/graafikuid erinevate parameetrite omavahelisest s\u00f5ltuvusest.<\/span><\/p>\n<p>&nbsp;<\/p>\n<p><span style=\"font-size: 14pt;\">&#8211;<strong>\u00a0P\u00f5hiliste \u00fchikute konverteerimine<\/strong>: \u00a0<a href=\"http:\/\/fermekon.ee\/wp-content\/uploads\/2017\/08\/Fermekoni-yhikutekalkulaator_1.xlsx\">Fermekoni yhikutekalkulaator_1<\/a><\/span><\/p>\n<p><span style=\"font-size: 14pt;\">&#8211;<strong> Plato ja erikaalu konverteerimine<\/strong>: \u00a0<a href=\"http:\/\/fermekon.ee\/wp-content\/uploads\/2017\/08\/Fermekoni-Plato_Brix_SG_kalkulaator.xlsx\">Fermekoni Plato_Brix_SG_kalkulaator<\/a><\/span><\/p>\n<p><span style=\"font-size: 14pt;\">&#8211;<strong> Vee kareduse \u00fchikute konverteerimine<\/strong>:\u00a0<a href=\"http:\/\/fermekon.ee\/wp-content\/uploads\/2017\/08\/Vee-Kareduse-\u00fchikute-tabel.xlsx\">Vee-Kareduse-\u00fchikute-tabel<\/a><\/span><\/p>\n<p><span style=\"font-size: 14pt;\">&#8211;<strong> S\u00fcsihappegaasi lahustuvuse s\u00f5ltuvus temperatuurist ja r\u00f5hust<\/strong>:\u00a0<a href=\"http:\/\/fermekon.ee\/wp-content\/uploads\/2017\/08\/CO2-sisaldus_temperatuur-ja-rohk.xlsx\">CO2 sisaldus_temperatuur ja rohk<\/a>\u00a0<\/span><\/p>\n<p><span style=\"font-size: 14pt;\">&#8211;<strong> Osakeste suurus ja filtreerimine<\/strong>: \u00a0<a href=\"http:\/\/fermekon.ee\/wp-content\/uploads\/2017\/08\/Filtration-spectrum.docx\">Filtration-spectrum<\/a><\/span><\/p>\n","protected":false},"excerpt":{"rendered":"<p>\u00dcHIKUTE KONVERTEERIMINE JA PARAMEETRITE OMAVAHELINE S\u00d5LTUVUS &nbsp; Internetist erinevaid materjale lugedes ja ka seadmetega kaasas oleva dokumentatsiooniga tutvumisel v\u00f5ime p\u00f5rkuda probleemiga, et seal kasutatavad m\u00f5\u00f5t\u00fchikud on meile harjumatud ehk ei ole SI s\u00fcsteemis. Selle probleemi leevendamiseks toomegi allpool linke, mis&hellip; <\/p>\n","protected":false},"author":1,"featured_media":0,"parent":0,"menu_order":0,"comment_status":"closed","ping_status":"closed","template":"","meta":{"footnotes":""},"class_list":["post-572","page","type-page","status-publish","hentry"],"_links":{"self":[{"href":"https:\/\/fermekon.ee\/index.php?rest_route=\/wp\/v2\/pages\/572","targetHints":{"allow":["GET"]}}],"collection":[{"href":"https:\/\/fermekon.ee\/index.php?rest_route=\/wp\/v2\/pages"}],"about":[{"href":"https:\/\/fermekon.ee\/index.php?rest_route=\/wp\/v2\/types\/page"}],"author":[{"embeddable":true,"href":"https:\/\/fermekon.ee\/index.php?rest_route=\/wp\/v2\/users\/1"}],"replies":[{"embeddable":true,"href":"https:\/\/fermekon.ee\/index.php?rest_route=%2Fwp%2Fv2%2Fcomments&post=572"}],"version-history":[{"count":5,"href":"https:\/\/fermekon.ee\/index.php?rest_route=\/wp\/v2\/pages\/572\/revisions"}],"predecessor-version":[{"id":1081,"href":"https:\/\/fermekon.ee\/index.php?rest_route=\/wp\/v2\/pages\/572\/revisions\/1081"}],"wp:attachment":[{"href":"https:\/\/fermekon.ee\/index.php?rest_route=%2Fwp%2Fv2%2Fmedia&parent=572"}],"curies":[{"name":"wp","href":"https:\/\/api.w.org\/{rel}","templated":true}]}}